0
Let h(f) = 49*f - 136. Let m be h(4). Suppose -4*z = -105 - 55. Let c = z - 25. What is the greatest common divisor of c and m?
15
Suppose 0 = 56*g + 135*g - 51*g - 16380. What is the greatest common factor of g and 11856?
39
Suppose 16 = x + 4*t, -3*x + t - 4 = -x. Suppose x = -a - 2*a + 147. Suppose 2*n - a - 311 = 0. What is the highest common factor of n and 20?
20
Let m be ((-1)/3)/(15/(-15885)). Suppose 439 = 5*b - f, 0 = 15*b - 11*b + f - m. What is the highest common divisor of b and 66?
22
Let j(b) = 3*b - 11. Let i be j(6). Suppose -2*s = 3*x - 1505 + 612, 1199 = 4*x + s. Calculate the highest common divisor of x and i.
7
Let n be (-1275)/(-4) + (-117)/(-52). Suppose 23*l - 576 = n. Let f(i) = i**3 + i**2 + 2*i - 3. Let h be f(2). Calculate the greatest common factor of l and h.
13
Let v be 1/((-3)/(3 - 15)). Suppose v*h - 2*h - 8 = 0. Suppose 6*y - 88 = -5*y. What is the highest common factor of h and y?
4
Let u = -4 + 5. Suppose -3*z = 4*p + 181, -p + 287 = -5*z - 4*p. Let f = 66 + z. Calculate the highest common divisor of u and f.
1
Let c = 10064 + -9998. What is the highest common factor of c and 1826?
22
Let u(b) = -b**3 + 15*b**2 - 12*b + 13. Let d be u(14). Suppose -301 = -d*p + 191. What is the highest common factor of p and 16?
4
Suppose 3*t - 552 = -5*f, -67 = -f - 4*t + 23. What is the greatest common factor of f and 18639?
57
Let l = -64 + 76. Suppose -l*n + 3672 = 1296. Let x = 48 + -26. Calculate the greatest common divisor of n and x.
22
Suppose 5*k - 510 = -5*j, -k + 6*j + 102 = 3*j. What is the highest common factor of 33 and k?
3
Suppose 0 = -4*z + 4*n + 56, 5*z = 3*n - 5*n + 56. Suppose z = -11*k + 133. Suppose k = -a + 21. Calculate the greatest common divisor of 70 and a.
10
Let q be 8/(-14) + (-244944)/(-588). What is the highest common divisor of q and 13?
13
Suppose 0 = 407*y - 419*y + 4068. Suppose 0 = -l + 2*v - 6*v + 113, -5*v = -3*l + y. What is the greatest common factor of 339 and l?
113
Let f(w) = w**3 + 12*w**2 - 42*w + 19. Let u be f(-15). Let r be 2/u + (-19197)/(-117). What is the highest common factor of 246 and r?
82
Suppose -3*p + 221 = 5*u, -30*u + 31*u - 3*p = 55. Calculate the greatest common factor of 2806 and u.
46
Let a(j) be the third derivative of j**5/60 + j**3/3 - j**2. Let c be a(4). Let u = 1785 + -1740. What is the highest common factor of u and c?
9
Let a(d) = 10*d - 3. Let c(t) = -69*t + 21. Let w(z) = 27*a(z) + 4*c(z). Let k be w(5). Let v = 38 + k. What is the highest common divisor of v and 121?
11
Let p(z) = 72 - z**2 + 54 + 59 - 32*z - 202 + 65. Let u be p(-32). What is the highest common factor of 152 and u?
8
Let q = -405 + 509. What is the greatest common divisor of 546 and q?
26
Suppose 0 = -3*a + r + 64 - 4, 2*a - 3*r = 40. Let m be (-4)/a*2 + (-222)/(-5). Calculate the highest common divisor of 154 and m.
22
Let i(x) = -x**2 + 6*x + 19. Let k be i(8). Let s be 150*(6/(-15))/(k/(-9)). Suppose s = 13*p - 3*p. What is the highest common divisor of p and 144?
18
Suppose 4*i - 4638 + 868 = 2*w, -2*w + 4681 = 5*i. What is the greatest common factor of 9 and i?
3
Let v = -12 - -34. Let z(l) = 2*l**2 + 216*l + 4. Let f be z(-108). Calculate the highest common divisor of v and f.
2
Suppose -5*v + 907 + 479 = 2*i, -v = -3*i + 2113. What is the greatest common divisor of i and 111?
37
Let d = 80 - 82. Let n be d/5 + (17/5 - -1). Suppose -4*q + 3*t + 109 = 0, -4*q - 4*t + 2*t + 114 = 0. What is the highest common factor of q and n?
4
Let u be 4012/340 - (0 - (-1)/(-5)). Suppose -u*q = -11*q - 75. Calculate the highest common divisor of 300 and q.
75
Let z be (238/8 + -1)/(31/2232). What is the greatest common divisor of z and 225?
45
Suppose 4*f + 13*t - 21 = 8*t, 0 = 6*f + 4*t - 42. Calculate the highest common divisor of f and 21.
3
Let w be (24/20 + -9 + 8)*2*145. Calculate the highest common factor of 42 and w.
2
Suppose -5*b + 227 = 5*z - 273, -290 = -3*b - z. Suppose 7429 = 494*k - 6905 + 4948. Calculate the highest common factor of b and k.
19
Let b be (168/20)/(13/65*(-2)/(-10)). What is the highest common factor of b and 1920?
30
Suppose -5*d + 12*d - 7 = 0. Let z be (1/(-2))/(d/(-12)*-6). Let o be 47 - 1*(z - 2). Calculate the greatest common factor of o and 75.
25
Suppose 0 = 3*x - 2*g - 0*g - 4231, -5*x + 7055 = -4*g. What is the greatest common factor of x and 168?
21
Let o = 6 - -4. Let h be o/6 - 6/9. Let x be (-1515)/(-1010)*((-25)/(-3) + -1). Calculate the highest common factor of x and h.
1
Let h(f) = 3*f**3 + 6*f**2 + 20*f - 144. Let m be h(6). Calculate the greatest common factor of 30 and m.
30
Let g(z) = -z**2 + 111*z - 2451. Let p be g(31). Calculate the greatest common factor of 4060 and p.
29
Suppose 6 = -3*v + 36. Let y = -1210 - -1280. What is the greatest common factor of v and y?
10
Suppose -f + 14 - 9 = 0. Suppose 505 = f*r - 5*u, 21 + 292 = 3*r - 5*u. Calculate the highest common factor of 2 and r.
2
Let a be (-5)/3*(4 + (-126)/18). Let w(t) = t**3 - 4*t**2 - 5*t + 5. Let i be w(5). What is the greatest common factor of a and i?
5
Let i(z) = -z**3 + 5*z**2 + 6*z + 10. Let d be i(-3). Calculate the greatest common divisor of 648 and d.
8
Let k(s) = s**3 - 26*s**2 + 47*s + 7. Let n be k(24). Let x(p) = -4*p - 61. Let i be x(n). What is the highest common divisor of i and 7?
7
Let q(x) = -19*x + 259. Let a be q(9). Let w be (21/(-14))/(2276/2288 + -1). Calculate the greatest common divisor of w and a.
22
Let l(t) = -57*t - 7. Let k be l(-1). Let m = k + -35. What is the highest common factor of m and 9?
3
Suppose -785*w = -746*w - 32214. What is the greatest common divisor of 28 and w?
14
Suppose -3*z + 7*z + 51 = 5*q, -5*z = -q + 6. Let j = 6 - -6. Suppose 3*w = -17*a + j*a + 81, -51 = -3*w + 5*a. What is the greatest common factor of q and w?
11
Let x = 7290 + -6536. Calculate the greatest common divisor of x and 986.
58
Suppose 146 - 601 = 7*l. Let c = 67 + l. Let g be (-1)/(-2)*258 + 2/c. Calculate the highest common factor of g and 52.
26
Let r be (1 - 0 - 22/(-66))*(-360)/(-32). Suppose 5*o + 27 = 202. Let g = 80 - o. Calculate the highest common divisor of r and g.
15
Let t = 3 - 1. Suppose 3*a + 3*m = t*m - 9, 2*a + 3*m + 13 = 0. Let w be 2148/54 - (a/9 - 0). Calculate the highest common factor of w and 10.
10
Suppose 2*p - 3635 = g, -5*g - 1308 - 2307 = -2*p. Suppose -n + 703 + 1725 = 4*r, n = -3*r + p. What is the greatest common divisor of 38 and r?
38
Let b be 1/(-3)*(-523 + -20). Suppose 6 = 11*v - b. Calculate the greatest common factor of v and 221.
17
Suppose -2*b = 47*b - 98. Calculate the highest common divisor of 446 and b.
2
Let o be 165718/147 - (3/9)/1. What is the greatest common factor of o and 49?
49
Let r be 146/2 + -17 + 8. Calculate the highest common divisor of r and 1440.
32
Suppose -4*m - 245 = 4*l - 261, 4*m - 14 = -2*l. Calculate the highest common factor of 97 and l.
1
Let h(o) = o + 7. Let f be h(-4). Let m(r) = r**3 + 3*r**2 + r + 1. Let y be m(f). Suppose -4*u = y - 226. What is the highest common factor of 210 and u?
42
Suppose 22*v + 675 + 227 = 0. Let s = v + 101. Let c be 24/1 - (-1 + 1). What is the highest common factor of s and c?
12
Let i(q) = 459*q**3 - q**2 - 2*q + 3. Let p be i(1). Let d = p - 417. Let x(b) = -84*b. Let o be x(-4). What is the greatest common factor of o and d?
42
Let q = -8 + 19. Suppose -680 = 2*x + 4*y, 2*x + 1015 = -x - y. Let p be (-8)/(-16) + (3 - x/4). What is the greatest common divisor of q and p?
11
Suppose -5*z + 708 = 3*t, -2*t + 222 = -t - 3*z. Suppose 83*a - 90*a + t = 0. Calculate the greatest common factor of a and 165.
33
Let p(y) = y**3 - 2*y**2 - y + 1. Let g be p(4). Suppose a - g = 64. Calculate the highest common factor of 124 and a.
31
Let w = -3470 - -4053. Calculate the greatest common divisor of w and 1537.
53
Let p be (-1 - -2)*(-4 - 4). Let u be p/(-12) + (-446)/(-6). Let r(i) = -34*i + 705. Let x be r(20). Calculate the greatest common factor of u and x.
25
Let y be 6/27 + 128*4/(-36). Let f(v) = -15*v - 63. Let m be f(y). What is the highest common divisor of m and 21?
21
Suppose 3*w + 123 - 519 = 0. Let j = 151 - w. What is the highest common factor of j and 304?
19
Let g be ((-24)/108 + (-101)/(-9))*-18. Let w = 2 - g. Calculate the greatest common fac